vided by 13.
10
What is the remainder when 235 is divided by 25?
10
What is the remainder when 203 is divided by 42?
35
What is the remainder when 1289 is divided by 30?
29
Calculate the remainder when 3029 is divided by 74.
69
Calculate the remainder when 1058 is divided by 79.
31
What is the remainder when 514 is divided by 86?
84
What is the remainder when 4516 is divided by 1122?
28
What is the remainder when 114 is divided by 60?
54
What is the remainder when 84 is divided by 32?
20
What is the remainder when 65 is divided by 33?
32
What is the remainder when 3255 is divided by 50?
5
What is the remainder when 99 is divided by 17?
14
What is the remainder when 378 is divided by 106?
60
What is the remainder when 1079 is divided by 509?
61
Calculate the remainder when 157 is divided by 20.
17
What is the remainder when 23105 is divided by 53?
50
What is the remainder when 80 is divided by 14?
10
What is the remainder when 154 is divided by 45?
19
Calculate the remainder when 358 is divided by 26.
20
What is the remainder when 4879 is divided by 148?
143
What is the remainder when 7246 is divided by 151?
149
What is the remainder when 5895 is divided by 11?
10
What is the remainder when 1159 is divided by 6?
1
Calculate the remainder when 1027 is divided by 176.
147
Calculate the remainder when 899 is divided by 231.
206
Calculate the remainder when 303 is divided by 143.
17
Calculate the remainder when 80 is divided by 49.
31
What is the remainder when 847 is divided by 8?
7
What is the remainder when 464 is divided by 230?
4
Calculate the remainder when 64 is divided by 11.
9
What is the remainder when 1039 is divided by 130?
129
What is the remainder when 8396 is divided by 48?
44
Calculate the remainder when 5497 is divided by 51.
40
Calculate the remainder when 232 is divided by 61.
49
Calculate the remainder when 174 is divided by 51.
21
What is the remainder when 955 is divided by 87?
85
What is the remainder when 6458 is divided by 38?
36
What is the remainder when 310 is divided by 45?
40
Calculate the remainder when 1757 is divided by 175.
7
What is the remainder when 138 is divided by 16?
10
What is the remainder when 106 is divided by 16?
10
What is the remainder when 233 is divided by 6?
5
Calculate the remainder when 20 is divided by 10.
0
What is the remainder when 219 is divided by 37?
34
Calculate the remainder when 324 is divided by 111.
102
What is the remainder when 48 is divided by 37?
11
Calculate the remainder when 790 is divided by 72.
70
What is the remainder when 22 is divided by 4?
2
What is the remainder when 675 is divided by 98?
87
Calculate the remainder when 1069 is divided by 69.
34
Calculate the remainder when 198 is divided by 88.
22
Calculate the remainder when 308 is divided by 58.
18
Calculate the remainder when 884 is divided by 46.
10
Calculate the remainder when 186 is divided by 21.
18
What is the remainder when 959 is divided by 30?
29
Calculate the remainder when 4686 is divided by 261.
249
What is the remainder when 79 is divided by 31?
17
What is the remainder when 2263 is divided by 25?
13
What is the remainder when 3239 is divided by 36?
35
Calculate the remainder when 132 is divided by 19.
18
Calculate the remainder when 63 is divided by 5.
3
Calculate the remainder when 194 is divided by 33.
29
Calculate the remainder when 789 is divided by 57.
48
Calculate the remainder when 1493 is divided by 42.
23
What is the remainder when 1267 is divided by 632?
3
What is the remainder when 304 is divided by 14?
10
What is the remainder when 14633 is divided by 17?
13
Calculate the remainder when 5205 is divided by 1299.
9
Calculate the remainder when 459 is divided by 92.
91
Calculate the remainder when 881 is divided by 299.
283
Calculate the remainder when 912 is divided by 83.
82
What is the remainder when 968 is divided by 17?
16
What is the remainder when 98 is divided by 41?
16
Calculate the remainder when 2287 is divided by 88.
87
Calculate the remainder when 92 is divided by 16.
12
What is the remainder when 789 is divided by 784?
5
Calculate the remainder when 373 is divided by 142.
89
What is the remainder when 363 is divided by 23?
18
What is the remainder when 435 is divided by 51?
27
What is the remainder when 292 is divided by 27?
22
What is the remainder when 146 is divided by 11?
3
What is the remainder when 459 is divided by 159?
141
Calculate the remainder when 3150 is divided by 197.
195
What is the remainder when 98 is divided by 25?
23
What is the remainder when 1185 is divided by 56?
9
What is the remainder when 1847 is divided by 185?
182
Calculate the remainder when 358 is divided by 179.
0
What is the remainder when 99 is divided by 25?
24
Calculate the remainder when 268 is divided by 87.
7
What is the remainder when 78 is divided by 33?
12
Calculate the remainder when 509 is divided by 30.
29
What is the remainder when 249 is divided by 9?
6
What is the remainder when 2166 is divided by 716?
18
Calculate the remainder when 2617 is divided by 4.
1
What is the remainder when 940 is divided by 21?
16
What is the remainder when 62 is divided by 2?
0
Calculate the remainder when 577 is divided by 45.
37
Calculate the remainder when 2565 is divided by 1272.
21
Calculate the remainder when 143 is divided by 74.
69
Calculate the remainder when 317 is divided by 110.
97
Calculate the remainder when 416 is divided by 27.
11
Calculate the remainder when 120 is divided by 61.
59
What is the remainder when 279 is divided by 101?
77
Calculate the remainder when 230 is divided by 8.
6
What is the remainder when 101 is divided by 17?
16
What is the remainder when 6565 is divided by 199?
197
Calculate the remainder when 1065 is divided by 55.
20
What is the remainder when 431 is divided by 27?
26
Calculate the remainder when 11628 is divided by 3865.
33
What is the remainder when 287 is divided by 66?
23
What is the remainder when 1286 is divided by 15?
11
What is the remainder when 347 is divided by 90?
77
Calculate the remainder when 356 is divided by 69.
11
Calculate the remainder when 764 is divided by 208.
140
What is the remainder when 2473 is divided by 308?
9
Calculate the remainder when 4470 is divided by 635.
25
What is the remainder when 281 is divided by 4?
1
What is the remainder when 348 is divided by 32?
28
Calculate the remainder when 43 is divided by 23.
20
Calculate the remainder when 12172 is divided by 25.
22
Calculate the remainder when 210 is divided by 27.
21
What is the remainder when 76 is divided by 42?
34
Calculate the remainder when 612 is divided by 53.
29
Calculate the remainder when 415 is divided by 58.
9
What is the remainder when 308 is divided by 120?
68
Calculate the remainder when 844 is divided by 55.
19
Calculate the remainder when 613 is divided by 27.
19
Calculate the remainder when 560 is divided by 102.
50
What is the remainder when 269 is divided by 16?
13
Calculate the remainder when 234 is divided by 106.
22
Calculate the remainder when 879 is divided by 125.
4
Calculate the remainder when 68 is divided by 5.
3
Calculate the remainder when 96 is divided by 17.
11
What is the remainder when 2156 is divided by 40?
36
What is the remainder when 142 is divided by 36?
34
What is the remainder when 606 is divided by 330?
276
Calculate the remainder when 71 is divided by 6.
5
Calculate the remainder when 2583 is divided by 38.
37
What is the remainder when 5191 is divided by 35?
11
What is the remainder when 2720 is divided by 36?
20
Calculate the remainder when 2561 is divided by 122.
121
Calculate the remainder when 89 is divided by 25.
14
Calculate the remainder when 1039 is divided by 130.
129
Calculate the remainder when 3519 is divided by 35.
19
Calculate the remainder when 130 is divided by 119.
11
What is the remainder when 141 is divided by 51?
39
Calculate the remainder when 52 is divided by 8.
4
What is the remainder when 1117 is divided by 16?
13
Calculate the remainder when 126 is divided by 27.
18
Calculate the remainder when 614 is divided by 112.
54
Calculate the remainder when 604 is divided by 36.
28
What is the remainder when 27 is divided by 18?
9
What is the remainder when 457 is divided by 140?
37
What is the remainder when 12